2953
Let r = 689 + -693. Let f(p) = -2*p**3 - 2*p**2 + 4*p + 17. What are the prime factors of f(r)?
97
Let o(p) = -7*p**2 + 17*p + 25. Let j(d) = -2*d**2 + 1. Let t(m) = -3*j(m) + o(m). List the prime factors of t(8).
2, 47
Let k = -77 + 73. List the prime factors of (0 - 22/k)*62.
11, 31
Let y = -19890 + 31213. What are the prime factors of y?
13, 67
Let f(r) = r**2 + 13*r + 16. Suppose -14*m + 3*m + 275 = 0. Suppose 45 = -5*c - m. List the prime factors of f(c).
2, 3, 5
Let t(z) = 33*z**2 - 7*z + 6. Let l(x) = x**2 + 1. Let v(m) = 4*l(m) + t(m). What are the prime factors of v(5)?
2, 3, 5
Suppose 42*z - 38*z + 3*x - 12832 = 0, -2*z - x = -6418. What are the prime factors of z?
13, 19
Let z be 1020 - 20*(-6)/(-24). Let r = z + -470. List the prime factors of r.
5, 109
Let u = -4654 + 52357. List the prime factors of u.
3, 15901
Let n = -7016 - -14412. List the prime factors of n.
2, 43
Suppose -2*l + 3*z + 152 = z, 302 = 4*l - 2*z. List the prime factors of l*((-4)/(-16) - (-425)/60).
2, 5, 11
Suppose 4*g + 5*f + 13 = 0, -2*f + f = 4*g + 25. Let w be 0 - (-1)/(-2)*42/g. Suppose 3*v + 2*b - 153 = 139, b = w*v - 295. List the prime factors of v.
2, 7
What are the prime factors of 38270/267*(-162)/(-4)?
3, 5, 43
Suppose 3*a + 4*a = 3*a. Suppose 3*k - 26 = -2*o, a*k = o + 2*k - 11. Suppose -o*w + 2556 - 504 = 0. What are the prime factors of w?
2, 3
Suppose 13*h - 77 = 6*h. Suppose -3*w + h*o - 7*o = -7, 0 = 3*w + o - 2. What are the prime factors of (-8)/(-36) + ((-2476)/(-36))/w?
3, 23
Suppose 3*y + 18918 = 3*l, -11*l + 6*l + 6*y + 31525 = 0. List the prime factors of l.
6311
Let r(p) = -19*p + 24 + 1 + 30*p + 4*p**2. What are the prime factors of r(19)?
2, 839
Suppose -5*z + p + 2272 = 0, 3*z + 5*p = 926 + 426. Suppose -4*j + g = -577, -j + z = 2*j - 5*g. List the prime factors of j.
11, 13
Let d = 371 - 241. Let j = d + -1. List the prime factors of j.
3, 43
Suppose 0 = 76*i - 146*i + 28560. List the prime factors of i.
2, 3, 17
Let y(s) = -17*s**2 + s. Let w be y(-1). What are the prime factors of 5/(90/(-132))*w?
2, 3, 11
What are the prime factors of (-9)/(((-1100)/(-162375))/(-44))?
3, 5, 433
Let m = 397 + 8080. What are the prime factors of m?
7, 173
Suppose 2*z = 4*z - 30. Let s be (2316/z + -2)/((-6)/(-15)). Suppose p + 1175 = 5*b + s, 4*p - 458 = -3*b. List the prime factors of b.
2, 79
Let t be (2/5)/(60/371550) - 6. Suppose -7*y + 4193 = -t. List the prime factors of y.
2, 7, 17
Suppose 22*v = 413 - 61. Suppose 4*k = v, 72*x + k = 73*x - 456. List the prime factors of x.
2, 5, 23
Let o(d) = 209*d**2 - 24*d + 86. List the prime factors of o(3).
5, 379
Let n be (2772/112)/(9/60). What are the prime factors of ((-214)/3)/(155/n - 1)?
11, 107
Suppose 6*v - 26 = 4*v. Suppose v - 5 = 4*p. Suppose p*u - 2*d - 254 = 0, -2*u + d + 174 = -83. List the prime factors of u.
2, 5, 13
Let r(d) = 176*d + 60. Suppose -2*c - 5 = 3*m, 27*m = 4*c + 23*m - 40. List the prime factors of r(c).
2, 5, 47
Suppose -4*r - r + 2*w + 543 = 0, -r + w = -111. Suppose -z = z - 886. Suppose 0 = -4*q + z - r. List the prime factors of q.
2, 3, 7
Let w be 2/(-4) - (4 - 21/6). Let z be -501*((-4)/(-12))/(w/3). Suppose 7*s = 1516 - z. What are the prime factors of s?
5, 29
Let t(h) = -3*h + 1. Let i be t(2). Let x(j) = -j**2 - 9*j - 17. Let u be x(i). What are the prime factors of u/(-1) - (212/1)/(-4)?
2, 5
Let o = 20793 - 11191. List the prime factors of o.
2, 4801
Let i = 265 - 254. List the prime factors of ((-492)/(-10))/((-12)/(-990)*i).
3, 41
Let j = 28 + 490. List the prime factors of j + (2 - 0) - (-24)/(-8).
11, 47
Let c(y) = -180*y + 117. Let l be c(-8). Let w = -712 + l. What are the prime factors of w?
5, 13
Let v(y) = -170*y + 4. Let c(z) = -169*z + 6. Let u(s) = -4*c(s) + 3*v(s). What are the prime factors of u(3)?
2, 3
Let a be (-8)/(-6)*684/24. Let u = a - -122. Let z = -72 + u. List the prime factors of z.
2, 11
Let j(i) = 41*i**3 - 15*i**2 - 24*i + 27. List the prime factors of j(7).
13187
Let p = -9801 - -16529. What are the prime factors of p?
2, 29
Let j be (-356461)/(-105) + (2 - (-56)/(-30)). Let n = 4935 - j. List the prime factors of n.
2, 5, 7, 11
Let g = -372 + 374. Suppose -g*j = -8*j + 3798. List the prime factors of j.
3, 211
Let s(y) = 127*y**2 - 24*y - 25. What are the prime factors of s(-12)?
13, 1427
Suppose 6*b + 290224 = 4*z + 8*b, z + 5*b = 72538. What are the prime factors of z?
2, 3, 29, 139
Let c(l) = -3398*l + 1601. List the prime factors of c(-12).
31, 1367
Suppose 5*x + 2*p - 3*p + 19157 = 0, -5*x - p - 19163 = 0. What are the prime factors of 7 + x/(-8) - 3?
3, 7, 23
Suppose 3 = -0*g + 3*g. Let z be (4/10)/(g/25). List the prime factors of 562/5 - 4/z.
2, 7
Let m = 43927 + -13271. List the prime factors of m.
2, 479
Suppose 187790 = 34*a - 139208 - 66076. List the prime factors of a.
11, 1051
Let u = -7773 - -11509. List the prime factors of u.
2, 467
Let n(u) = -7 + 1530*u - 1502*u - u**2 - 5. Let c be n(16). Suppose -8*k + c = -5*k. What are the prime factors of k?
2, 3, 5
Let f be 12/(5*-1 - (-73)/14). Let a = 184 - f. List the prime factors of a.
2
Suppose -109*b = 36*b - 930346 - 606654. List the prime factors of b.
2, 5, 53
Suppose 21876933 = -5*j + 141*j + 163*j. List the prime factors of j.
3, 29
Suppose -5*p = -4*z - 29607, -4*p = -215*z + 212*z - 23686. List the prime factors of p.
5923
Suppose -2*h + b = -26119, 61*h = 62*h + b - 13058. What are the prime factors of h?
3, 1451
Let y(g) = -9546*g**3 - 77*g**2 - 79*g - 1. List the prime factors of y(-1).
9547
Let m = 327 + -235. Suppose 11*y - 5449 + m = 0. List the prime factors of y.
487
Let k(j) = 6775*j - 2529. List the prime factors of k(5).
2, 7, 2239
Let g = -82 - -81. What are the prime factors of (-3 - (2 + g)) + 2 + 781?
19, 41
Suppose 3*p - 6 = -3*z, -3*z + 2*p = -3*p + 2. Suppose s - z = 9. Let d = s - -59. List the prime factors of d.
3, 23
Suppose 0 = 5*u + 2*g + 21, -2*g + 20 = -2*u + 6. Let i(z) = -25*z - 10. Let w(o) = 50*o + 21. Let t(q) = 7*i(q) + 3*w(q). List the prime factors of t(u).
2, 59
Let r = 976 - 1429. Let t = -210 - r. List the prime factors of t.
3
List the prime factors of (-2229377)/(-565) - (2/(-10) - 0).
2, 1973
Suppose -5*c + 2*k = -256 - 414, 5*k = -c + 107. Suppose 0 = 5*t + 25, 0 = -4*b + t + 177 + c. What are the prime factors of b?
2, 19
Suppose -1418 = 4*k + 1130. Let t = 341 + k. Let f = t - -453. List the prime factors of f.
157
Suppose 4 = -8*c + 9*c. Suppose -5*w = p + 23, -c*p - 4*w - w = 17. Suppose p*f - 15 = 7. List the prime factors of f.
11
Suppose -1 = d, -x - 5*d = -7*d - 1562. What are the prime factors of ((-48)/(-5))/(-18*(-1)/x)?
2, 13
Let y = 8807 - 3117. What are the prime factors of y?
2, 5, 569
Let n be 1/2*0/49. Suppose -542 - 500 = -m + o, n = -5*m - o + 5210. What are the prime factors of m?
2, 521
What are the prime factors of (-190)/(-1805) - 201018/(-19)?
2, 5, 23
Let s = 36403 - 22607. What are the prime factors of s?
2, 3449
Let s be -4*(-12)/16 + 13. Let n be (-12)/(-16)*s/6. Suppose 4*o - 3*g - 293 = 0, -n*g + 352 = 5*o - g. What are the prime factors of o?
71
Let v be 913/3 - (1 + 4/(-6)). Let i = v - 148. Suppose 15*d - 11*d = i. List the prime factors of d.
3, 13
Suppose 21*s + 4 = 24*s + 5*a, s - a - 12 = 0. Suppose -2*p = -5*h - 148, 9*p - 64 = s*p + 5*h. What are the prime factors of p?
2, 3, 7
Let d = 19575 + 10155. List the prime factors of d.
2, 3, 5, 991
Suppose w = -2*m + 2508, -m - 3*m - 3*w = -5018. Suppose i - m = -2*p, -2*i = -p - 209 - 2322. What are the prime factors of i?
3, 421
Suppose 0 = 3*f + p - 62683, -4 = -14*p + 10*p. What are the prime factors of f?
2, 31, 337
Let g(t) = -t + 96. Let q be (-4)/18 - (955/(-45) + 4). Suppose -43 = -4*x + q. List the prime factors of g(x).
3
Suppose -q + 10*y - 6 = 5*y, -5*y = -2*q - 2. Suppose -q*w + 2*u = -7052, -5*u - 7040 = -4*w - 0*u. What are the prime factors of w?
5, 353
Suppose 4*t - 5038 = 3*n + 4073, 4*t - n - 9109 = 0. List the prime factors of t.
3, 11, 23
Suppose -743*n + 367*n = -367*n - 444096. List the prime factors of n.
2, 3, 257
Suppose 123 = 7*k + 494. Let l = k + 56. Suppose -4*r - 151 = -5*g, l*g + 19 = 2*r + 110. What are the prime factors of g?
31
Let p be (0 - 1) + -2 + 1. Let c(o) = -o**3 + 4*o - 1. Let k b